the units digit of 34932?
2
What is the thousands digit of 2700?
2
What is the units digit of 9326?
6
What is the tens digit of 870?
7
What is the tens digit of 16637?
3
What is the thousands digit of 11033?
1
What is the thousands digit of 2644?
2
What is the tens digit of 13669?
6
What is the units digit of 4665?
5
What is the thousands digit of 1770?
1
What is the units digit of 1154?
4
What is the units digit of 1970?
0
What is the thousands digit of 5306?
5
What is the hundreds digit of 51788?
7
What is the thousands digit of 20176?
0
What is the hundreds digit of 362?
3
What is the hundreds digit of 19119?
1
What is the tens digit of 1824?
2
What is the tens digit of 3230?
3
What is the ten thousands digit of 26047?
2
What is the thousands digit of 3848?
3
What is the ten thousands digit of 25546?
2
What is the hundreds digit of 4369?
3
What is the units digit of 117?
7
What is the hundreds digit of 531?
5
What is the hundreds digit of 33590?
5
What is the hundreds digit of 917?
9
What is the hundreds digit of 56566?
5
What is the tens digit of 5464?
6
What is the tens digit of 18664?
6
What is the hundreds digit of 8801?
8
What is the thousands digit of 1541?
1
What is the ten thousands digit of 14314?
1
What is the hundreds digit of 22356?
3
What is the units digit of 70466?
6
What is the tens digit of 1325?
2
What is the ten thousands digit of 57113?
5
What is the tens digit of 49746?
4
What is the thousands digit of 21213?
1
What is the tens digit of 22680?
8
What is the tens digit of 871?
7
What is the tens digit of 59633?
3
What is the thousands digit of 37704?
7
What is the tens digit of 5778?
7
What is the tens digit of 891?
9
What is the tens digit of 516?
1
What is the hundreds digit of 26054?
0
What is the units digit of 12218?
8
What is the thousands digit of 4999?
4
What is the thousands digit of 1063?
1
What is the tens digit of 5786?
8
What is the hundreds digit of 12041?
0
What is the tens digit of 631?
3
What is the units digit of 16714?
4
What is the tens digit of 12941?
4
What is the tens digit of 3170?
7
What is the units digit of 2149?
9
What is the ten thousands digit of 43225?
4
What is the hundreds digit of 2582?
5
What is the units digit of 70639?
9
What is the units digit of 5792?
2
What is the hundreds digit of 1331?
3
What is the hundreds digit of 32857?
8
What is the ten thousands digit of 14497?
1
What is the hundreds digit of 4852?
8
What is the tens digit of 15681?
8
What is the units digit of 4393?
3
What is the thousands digit of 2169?
2
What is the tens digit of 5631?
3
What is the units digit of 17404?
4
What is the tens digit of 37753?
5
What is the ten thousands digit of 92803?
9
What is the units digit of 8377?
7
What is the units digit of 255?
5
What is the units digit of 19878?
8
What is the tens digit of 4423?
2
What is the hundreds digit of 4133?
1
What is the units digit of 150338?
8
What is the tens digit of 10796?
9
What is the units digit of 2444?
4
What is the tens digit of 102?
0
What is the hundreds digit of 175?
1
What is the hundreds digit of 523?
5
What is the units digit of 1550?
0
What is the tens digit of 4254?
5
What is the hundreds digit of 6720?
7
What is the thousands digit of 101562?
1
What is the units digit of 467?
7
What is the tens digit of 22572?
7
What is the tens digit of 151006?
0
What is the units digit of 1615?
5
What is the units digit of 4038?
8
What is the tens digit of 16593?
9
What is the thousands digit of 10735?
0
What is the units digit of 1838?
8
What is the tens digit of 1095?
9
What is the tens digit of 26325?
2
What is the tens digit of 9640?
4
What is the thousands digit of 1739?
1
What is the units digit of 194?
4
What is the tens digit of 770?
7
What is the hundreds digit of 16304?
3
What is the hundreds digit of 5178?
1
What is the hundreds digit of 88490?
4
What is the units digit of 1925?
5
What is the hundreds digit of 5892?
8
What is the units digit of 1659?
9
What is the units digit of 38093?
3
What is the hundreds digit of 1271?
2
What is the hundreds digit of 2785?
7
What is the hundreds digit of 44323?
3
What is the tens digit of 560?
6
What is the units digit of 1828?
8
What is the hundred thousands digit of 113907?
1
What is the hundreds digit of 5593?
5
What is the tens digit of 4248?
4
What is the units digit of 93416?
6
What is the thousands digit of 3514?
3
What is the tens digit of 37043?
4
What is the tens digit of 2665?
6
What is the thousands digit of 1831?
1
What is the units digit of 34?
4
What is the hundreds digit of 4895?
8
What is the tens digit of 11573?
7
What is the ten thousands digit of 14135?
1
What is the units digit of 2150?
0
What is the thousands digit of 3294?
3
What is the hundreds digit of 8150?
1
What is the tens digit of 10490?
9
What is the hundreds digit of 14626?
6
What is the units digit of 58298?
8
What is the units digit of 459?
9
What is the hundreds digit of 1050?
0
What is the hundreds digit of 5100?
1
What is the ten thousands digit of 42698?
4
What is the tens digit of 197335?
3
What is the ten thousands digit of 19915?
1
What is the units digit of 79?
9
What is the thousands digit of 45513?
5
What is the thousands digit of 11957?
1
What is the thousands digit of 2685?
2
What is the units digit of 9787?
7
What is the hundreds digit of 70388?
3
What is the units digit of 1147?
7
What is the thousands digit of 18025?
8
What is the hundreds digit of 1177?
1
What is the ten thousands digit of 12576?
1
What is the ten thousands digit of 75759?
7
What is the tens digit of 7144?
4
What is the ten thousands digit of 11103?
1
What is the ten thousands digit of 51407?
5
What is the thousands digit of 6859?
6
What is the thousands digit of 1419?
1
What is the ten thousands digit of 28821?
2
What is the thousands digit of 5905?
5
What is the hundreds digit of 3212?
2
What is the thousands digit of 60078?
0
What is the tens digit of 14605?
0
What is the units digit of 12165?
5
What is the units digit of 487?
7
What is the tens digit of 356?
5
What is the units digit of 2809?
9
What is the tens digit of 4780?
8
What is the tens digit of 6880?
8
What is the hundreds digit of 8375?
3
What is the units digit of 27844?
4
What is the hundreds digit of 6213?
2
What is the thousands digit of 15007?
5
What is the hundreds digit of 184387?
3
What is the units digit of 1489?
9
What is the hundreds digit of 5464?
4
What is the tens digit of 1889?
8
What is the hundreds digit of 1158?
1
What is the hundreds digit of 471?
4
What is the tens digit of 150263?
6
What is the units digit of 2477?
7
What is the tens digit of 3002?
0
What is the thousands digit of 26276?
6
What is the units digit of 27629?
9
What is the units digit of 97736?
6
What is the units digit of 7151?
1
What is the units digit of 4906?
6
What is the ten thousands digit of 14960?
1
What is the tens digit of 3071?
7
What is the hundreds digit of 816?
8
What is the hundreds digit of 5658?
6
What is the thousands digit of 35546?
5
What is the hundreds digit of 3212?
2
What is the units digit of 650?
0
What is the hundreds digit of 1676?
6
What is the hundreds digit of 994?
9
What is the units digit of 173?
3
What is the tens digit of 575?
7
What is the thousands digit of 1118?
1
What is the units digit of 14046?
6
What is the hundreds digit of 1672?
6
What is the hundreds digit of 33070?
0
What is the ten thousands digit of 28131?
2
What is the hundreds digit of 1499?
4
What is the tens digit of 12794?
9
What is the units digit of 42767?
7
What is the thousands digit of 2450?
2
What is the units digit of 296?
6
What is the units digit of 4730?
0
What is the units digit of 26785?
5
What is the units digit of 6189?
9
What is the tens digit of 1340?
4
What is the thousands digit of 2438?
2
What is the ten thousands digit of 44606?
4
What is the ten thousands digit of 132107?
3
What is the ten thousands digit of 63692?
6
What is the units digit of 214?
4
What is the units digit of 16101?
1
What is the hundreds digit of 745?
7
What is the tens digit of 1310?
1
What is the tens digit of 1405?
0
What is the tens digit of 186?
8
What is the ten thousands digit of 10274?
1
What is the tens digit of 77484?
8
What is the thousands digit of 51088?
1
What is the thousands d